l) = 131*l - 4452. Determine x(43).
1181
Let a(p) = 3716*p + 29774. What is a(-8)?
46
Let w(n) = 60*n**3 - 3*n**2 + 91*n + 181. Give w(-2).
-493
Let w(s) = -10870*s + 130451. What is w(12)?
11
Let a(y) = 687*y + 118112. Determine a(-175).
-2113
Let s(d) = -d**2 - 73*d + 1169. Calculate s(17).
-361
Let z(u) = 14*u**2 - 431*u + 1680. What is z(5)?
-125
Let k(i) = 880*i**2 + 1542*i - 1. Calculate k(-2).
435
Let s(u) = 9045*u + 27190. Give s(-3).
55
Let k(x) = -6389*x + 894459. Calculate k(140).
-1
Let i(a) = -a**3 - 87*a**2 - 771*a + 141. Calculate i(-77).
218
Let m(g) = g**2 - 2228*g - 2009794. Determine m(-689).
19
Let i(x) = -x**3 - 408*x**2 + 2408*x - 1746. Calculate i(5).
-31
Let l(w) = w**3 - 46*w**2 - 372*w + 85. Give l(53).
32
Let q(h) = -43*h**2 + 1470*h - 5859. Calculate q(4).
-667
Let h(d) = -15*d**2 - 150*d - 45. Give h(-10).
-45
Let h(f) = -23*f**2 - 112*f + 35878. What is h(-42)?
10
Let j(c) = c**3 - 24*c**2 - 363*c - 8. Give j(-10).
222
Let x(m) = 11218*m - 616971. Give x(55).
19
Let d(i) = 2712*i + 246808. Determine d(-91).
16
Let f(u) = u**3 + 4*u**2 + 77*u - 337. What is f(5)?
273
Let o(d) = -d**3 - 50*d**2 + 36*d - 684. What is o(-51)?
81
Let t(l) = -3*l**3 - 159*l**2 - 915*l - 9360. What is t(-48)?
0
Let x(o) = -2*o**3 - 68*o**2 - 201*o - 2166. Calculate x(-33).
2289
Let p(y) = 12*y**3 - 138*y**2 - 69*y - 98. What is p(12)?
-62
Let i(c) = -c**2 + 174*c - 1212. Give i(162).
732
Let h(s) = 22*s**2 - 2266*s - 110094. What is h(139)?
-6
Let j(n) = 164*n**2 - 6408*n + 144. What is j(39)?
-324
Let t(n) = -n**3 + 39*n**2 + 156059*n - 781146. Give t(5).
-1
Let m(t) = t**3 + 24*t**2 - 1446*t - 372. Determine m(-51).
3147
Let k(x) = -x**3 - 32*x**2 - 196*x + 112. Calculate k(-23).
-141
Let d(t) = 4229*t - 71902. Calculate d(17).
-9
Let k(a) = 2098*a - 4. Determine k(0).
-4
Let f(d) = 15*d**2 + 3128*d - 44952. What is f(-222)?
-108
Let z(b) = -3*b**3 + 2*b**2 + 623*b - 3188. Determine z(5).
-398
Let b(a) = 10731*a + 53658. Determine b(-5).
3
Let t(n) = 3*n**3 + 163*n**2 - 20*n + 479. What is t(-55)?
-4471
Let g(p) = 536210*p - 1072444. Determine g(2).
-24
Let i(z) = 1950*z - 14391. Give i(7).
-741
Let f(c) = c**3 + 53*c**2 + 49*c - 176. Determine f(-52).
-20
Let y(o) = 11*o**3 - 271*o**2 + 538*o + 4. Calculate y(2).
84
Let b(h) = h**3 + h**2 - 1873*h + 28348. Determine b(19).
-19
Let q(g) = -4*g**3 - 6*g**2 - 2009*g - 5996. Calculate q(-3).
85
Let j(x) = 25339*x + 152059. Calculate j(-6).
25
Let w(u) = 54*u**2 + 614*u + 609. What is w(-1)?
49
Let x(t) = -8167*t - 24142. What is x(-3)?
359
Let l(q) = 28*q**2 + 13*q - 67. Determine l(3).
224
Let k(j) = -56*j**2 - 17585*j - 421. Determine k(-314).
-107
Let w(i) = -263*i**2 - 1308*i - 5. Calculate w(-5).
-40
Let k(y) = 1799*y - 68584. Calculate k(42).
6974
Let w(n) = -3*n**3 + 6316*n**2 - 27332*n + 39918. Determine w(2101).
-1
Let o(t) = t**3 - 318*t**2 - 4621*t - 8946. Determine o(332).
18
Let k(w) = -7*w + 1901. Calculate k(50).
1551
Let l(r) = -r**2 + 336*r + 79358. What is l(-160)?
-2
Let h(x) = 2*x**2 + 3687945*x + 14751742. Calculate h(-4).
-6
Let p(s) = 6*s**2 + 43*s - 43. Give p(-13).
412
Let f(k) = 7*k**3 + 13*k**2 + 46*k + 66. What is f(-4)?
-358
Let o(k) = 5*k**3 - 1274*k**2 + 3529*k - 239. Give o(252).
13
Let n(t) = 10*t**2 + 1186*t + 22508. Give n(-95).
88
Let h(v) = -46182*v + 93550. Give h(2).
1186
Let r(u) = u**3 - 13*u**2 - 233*u + 3137. Calculate r(17).
332
Let s(g) = 3166*g - 604680. Calculate s(191).
26
Let v(t) = -115*t**2 - 3312*t + 685. Determine v(-29).
18
Let h(s) = 64*s**2 + 212*s - 364. Calculate h(-5).
176
Let i(l) = 502*l + 205. Calculate i(1).
707
Let l(k) = 4*k**3 + 99*k**2 + 13342*k + 334172. What is l(-25)?
-3
Let l(j) = -46*j**2 + 17*j + 4. What is l(-2)?
-214
Let m(w) = -w**3 - 58*w**2 - 563*w - 5983. Determine m(-49).
-5
Let x(u) = -3*u**3 - 7*u**2 + 110*u + 766. Calculate x(-7).
682
Let n(q) = -3069*q - 190231. Calculate n(-62).
47
Let y(o) = -o**3 - 34*o**2 - 31*o + 58. Determine y(-33).
-8
Let d(u) = -14*u**2 + 94*u + 100. Calculate d(10).
-360
Let f(d) = 130*d + 1407. What is f(-2)?
1147
Let q(z) = -508*z - 20335. Determine q(-40).
-15
Let w(s) = 2*s**3 + 4388*s**2 + 39331*s - 11. What is w(-9)?
-20
Let c(k) = -54*k**2 + 15712*k + 634. Determine c(291).
52
Let g(m) = -m**3 - 77*m**2 - 299*m - 475. Determine g(-73).
36
Let l(g) = 109*g**2 + 74*g - 77. Determine l(1).
106
Let u(z) = -z**3 - 34*z**2 - z + 346. What is u(-34)?
380
Let l(h) = 19*h**2 - 3923*h + 13378. Determine l(203).
-20
Let p(a) = -223*a**2 - 267*a + 24. What is p(-1)?
68
Let x(o) = o**3 - 28*o**2 - 134*o + 5298. Determine x(26).
462
Let k(l) = l**2 + 1073*l - 21926. Determine k(20).
-66
Let f(v) = -v**3 + 78*v**2 - 234*v + 673. Calculate f(75).
-2
Let h(p) = -2*p**3 - 18*p**2 - 1050*p - 7144. Determine h(-7).
10
Let v(l) = -l**2 - 204*l + 34847. Determine v(111).
-118
Let s(a) = -4*a**3 - 283*a**2 + 447*a + 6214. Give s(-72).
-50
Let b(f) = 2*f**2 + 862*f + 48766. Determine b(-67).
-10
Let z(i) = 10414*i - 126007. Calculate z(12).
-1039
Let s(o) = 16*o**3 - 28*o**2 + 94*o - 466. Determine s(6).
2546
Let z(c) = c**3 - 148*c**2 - 13565*c + 193. What is z(-64)?
1
Let p(o) = -168*o - 26021. Calculate p(-156).
187
Let u(q) = q**3 + 17*q**2 - 779*q - 1511. Give u(-37).
-68
Let x(w) = -25*w**3 - 707*w**2 - 187*w + 46. What is x(-28)?
-206
Let m(l) = 279*l + 5690. Calculate m(-9).
3179
Let z(s) = -21284*s - 425935. Give z(-20).
-255
Let p(d) = 3*d**3 + 459*d**2 + 4294*d + 582. Determine p(-143).
10
Let u(c) = 17*c**2 + 112*c + 37. Give u(-6).
-23
Let c(y) = -1566*y + 58811. What is c(38)?
-697
Let m(g) = -g**2 - 209*g - 7058. Determine m(-167).
-44
Let s(g) = g**2 + 412*g + 35435. Give s(-297).
1280
Let v(o) = 162*o + 10470. What is v(-66)?
-222
Let p(i) = 150*i**2 + 2076*i + 32. Determine p(-14).
368
Let f(o) = -235*o**2 + 2110*o + 111. What is f(9)?
66
Let s(i) = -i**3 + 149*i**2 - 3650*i + 31710. Determine s(121).
8
Let g(x) = -112304*x - 2582999. Give g(-23).
-7
Let x(i) = -i**2 - 25883*i + 258932. Give x(10).
2
Let m(f) = 11*f**2 - 148*f + 997. What is m(6)?
505
Let p(w) = -4934*w + 84033. Determine p(17).
155
Let a(o) = -o**3 - 17*o**2 + 54*o - 66. Determine a(-23).
1866
Let i(n) = -3*n**2 + 94*n + 4634. Calculate i(-26).
162
Let l(z) = 70*z**2 + 5522*z - 614. Give l(-79).
18
Let o(l) = -3101*l - 257420. Give o(-83).
-37
Let g(t) = 2*t**2 + 15*t - 1587. Determine g(-33).
96
Let w(k) = 3105*k + 145834. What is w(-47)?
-101
Let q(p) = 47*p**2 + 524*p - 1308. Calculate q(-13).
-177
Let f(w) = 5*w**3 + 2*w**2 + 355*w - 356. Give f(1).
6
Let x(l) = -l**3 - 44*l**2 - 101*l - 487. Give x(-42).
227
Let k(h) = -1157*h + 46110. Calculate k(40).
-170
Let x(g) = -28092*g - 309064. Give x(-11).
-52
Let q(i) = i**2 + 25246*i + 1887830. Calculate q(-75).
5
Let o(i) = i**3 - 368*i**2 + 3933*i - 76. Calculate o(11).
-10
Let i(x) = -879*x**2 - 2784*x - 480. Calculate i(-3).
-39
Let h(y) = -y**3 + 2*y**2 + 172*y + 181. Calculate h(0).
181
Let q(f) = -16*f**2 - 67*f - 33. Determine q(-4).
-21
Let r(m) = m**3 + 58*m**2 - 71*m + 216. Calculate r(-59).
924
Let j(y) = 3*y**3 + 53*y**2 - 3*y + 132. Calculate j(-18).
-138
Let a(m) = -m**3 + 7*m**2 + 23885*m + 47735. Calculate a(-2).
1
Let a(s) = -43*s**2 + 295*s + 286. Calculate a(-1).
-52
Let z(y) = 32190*y + 1191025. Determine z(-37).
-5
Let q(l) = -67*l**3 + 1407*l**2 - 56*l + 1182. Give q(21).
6
Let h(y) = -127*y**3 + 755*y**2 + 38*y + 17. What is h(6)?
-7
Let i(y) = 22*y**2 - 951*y + 5762. What is i(36)?
38
Let l(b) = 3*b**3 + 1105*b**2 + 23844*b + 367. What is l(-23)?
-1
Let w(r) = r**3 + 81*r**2 + 957*r - 67. Calculate w(-15).
428
Let p(s) = 167*s - 19146. Give p(111).
-609
Let w(f) = 2*f**3 + 13*f**2 - 233*f + 6125. Calculate w(-20).
-15
Let p(k) = k**3 - 23*k**2 + 74*k - 217. What is p(8)?
-585
Let u(o) = 74*o - 806. Calculate u(9).
-140
Let a(q) = 3309*q + 311010. What is a(-94)?
-36
Let t(r) = -12596*r - 491325. Calculate t(-39).
-81
Let v(t) = -t**2 - 9472*t - 1066831. Give v(-114).
-19
Let u(p) = -13006*p + 195091. Determine u(15).
1
Let h(g) = 4*g**3 + 4*g**2 + 661*g - 1368. Give h(2).
2
Let x(s) = s**3 + 1648*s**2 - 7647*s - 1716432. Determine x(-1652).
-4
Let x(b) = -b**2 - 9993*b + 785546. Calculate x(78).
8
Let x(q) = 8841*q - 89833. What is